64 and 64111.
61
What is the highest common divisor of 2010722935 and 65?
65
What is the highest common factor of 7238 and 164824?
22
Calculate the highest common factor of 288691900 and 150.
50
What is the greatest common divisor of 8134 and 1360702?
1162
Calculate the greatest common divisor of 88170 and 63250.
10
What is the highest common factor of 10660 and 11809200?
260
What is the highest common factor of 15422200 and 19720?
1160
What is the greatest common divisor of 13277 and 2958714?
187
What is the highest common factor of 16149219 and 3?
3
Calculate the greatest common factor of 5425 and 3253915.
1085
What is the highest common factor of 45310833 and 81?
81
Calculate the highest common divisor of 164 and 6509201.
41
What is the highest common divisor of 29715079 and 355194?
2819
Calculate the greatest common divisor of 169576 and 10322488.
3608
What is the highest common divisor of 1666 and 569086?
98
What is the highest common divisor of 554769 and 130892?
761
Calculate the highest common divisor of 51008 and 41981178.
1594
What is the highest common divisor of 87122 and 69629?
343
Calculate the greatest common divisor of 441027 and 1179.
9
What is the greatest common divisor of 2983891 and 204?
17
Calculate the highest common factor of 8 and 3579836.
4
Calculate the highest common divisor of 508 and 751521230.
254
What is the highest common factor of 521430 and 3492?
6
What is the highest common factor of 2270250 and 49250?
250
What is the highest common divisor of 100408 and 1403430?
2282
What is the greatest common divisor of 620 and 443600?
20
What is the greatest common divisor of 4884 and 418470888?
4884
Calculate the greatest common factor of 339897377 and 428.
107
Calculate the greatest common factor of 9040815 and 11907.
1701
What is the highest common divisor of 17856636 and 126?
42
What is the greatest common factor of 6202 and 583735341?
3101
What is the highest common divisor of 47134 and 3812?
2
Calculate the greatest common divisor of 727233 and 55419.
1131
What is the greatest common divisor of 907641 and 78813?
63
What is the greatest common factor of 6931629 and 216?
27
What is the greatest common factor of 538270 and 247?
19
Calculate the greatest common divisor of 292 and 7640034.
146
What is the highest common divisor of 1 and 116706?
1
What is the highest common divisor of 1252443 and 135150?
159
Calculate the greatest common factor of 794661 and 698439.
1659
Calculate the greatest common factor of 5851105 and 780.
65
Calculate the highest common factor of 92304 and 22672.
16
What is the highest common divisor of 917158482 and 7716?
3858
Calculate the greatest common factor of 1994 and 2486033458.
1994
Calculate the highest common factor of 31275766 and 12910.
2582
What is the highest common divisor of 544 and 121111264?
544
Calculate the greatest common divisor of 10 and 3040903290.
10
What is the highest common divisor of 36 and 205413012?
36
What is the highest common divisor of 6411 and 33191884?
2137
Calculate the greatest common factor of 490253596 and 8484.
2828
Calculate the highest common divisor of 9384085 and 30736.
1921
What is the greatest common divisor of 46725 and 4200?
525
What is the highest common factor of 3140 and 41540630?
1570
What is the highest common divisor of 971518 and 78804?
398
Calculate the greatest common divisor of 59392 and 2690852.
116
Calculate the greatest common factor of 90249430 and 6460.
3230
What is the greatest common divisor of 3492 and 94285746?
1746
Calculate the greatest common factor of 353782 and 467586.
2474
What is the greatest common factor of 3800988 and 1062?
18
What is the highest common divisor of 1214773812 and 12?
12
Calculate the greatest common factor of 6815 and 1463815.
235
Calculate the greatest common divisor of 315456 and 163587.
93
Calculate the highest common factor of 4573181 and 457027.
2911
What is the greatest common factor of 25026708 and 651?
21
Calculate the highest common factor of 1194619749 and 1959.
1959
Calculate the highest common factor of 87640 and 95480.
280
Calculate the greatest common factor of 10368 and 6057.
9
Calculate the greatest common factor of 3117 and 17501955.
3117
Calculate the highest common divisor of 97698506 and 586.
586
Calculate the highest common factor of 19093 and 455102.
313
Calculate the highest common factor of 14060 and 86830.
190
Calculate the greatest common divisor of 167524 and 76818.
434
Calculate the highest common divisor of 1683 and 1702227.
51
Calculate the greatest common divisor of 392 and 236815334.
98
Calculate the highest common factor of 106 and 2050199.
53
Calculate the highest common factor of 1264956162 and 667.
667
What is the highest common factor of 1713945 and 6520?
815
Calculate the greatest common divisor of 28755500 and 3184.
796
What is the greatest common factor of 2580012 and 1134?
162
What is the highest common divisor of 3681 and 161354181?
1227
What is the greatest common divisor of 27 and 4143987?
27
What is the highest common factor of 133404 and 1524?
12
What is the highest common divisor of 12277841 and 59?
59
What is the greatest common factor of 32055 and 6002833?
2137
What is the highest common factor of 667 and 120404839?
667
Calculate the greatest common divisor of 111290 and 19949630.
3590
What is the greatest common divisor of 17569212 and 108?
12
Calculate the greatest common factor of 11196 and 1332468.
36
What is the highest common factor of 4810 and 17443465?
2405
What is the greatest common divisor of 7000 and 69608?
56
Calculate the highest common divisor of 3567 and 28883188.
1189
Calculate the greatest common divisor of 3301512 and 3174.
138
Calculate the greatest common factor of 58 and 34180560.
58
Calculate the greatest common factor of 579 and 53351955.
579
Calculate the highest common factor of 48002812 and 2860.
572
What is the greatest common divisor of 232 and 4120592?
8
Calculate the highest common divisor of 8 and 82311560.
8
Calculate the highest common divisor of 451 and 18794.
1
What is the greatest common divisor of 1658 and 341830689?
829
What is the highest common divisor of 17641174 and 158?
158
Calculate the highest common factor of 798845472 and 72.
72
What is the highest common factor of 521120 and 14660?
20
Calculate the highest common divisor of 110 and 5140993.
11
Calculate the highest common factor of 80466544 and 278.
278
Calculate the highest common divisor of 2291 and 26463341.
2291
What is the highest common factor of 2371145 and 16095?
185
Calculate the highest common divisor of 580 and 15850385.
145
Calculate the highest common divisor of 2129483 and 187829.
2263
What is the greatest common divisor of 1978 and 7822001?
989
What is the highest common factor of 893326 and 4634?
14
What is the highest common factor of 40548 and 23283708?
1308
What is the greatest common factor of 722 and 17286656?
38
What is the highest common factor of 317358 and 316872?
486
Calculate the greatest common factor of 6669 and 45461.
13
What is the highest common divisor of 17524189 and 712?
89
What is the greatest common divisor of 1810144 and 202025?
8081
Calculate the highest common divisor of 229120 and 44000.
160
Calculate the greatest common factor of 1005394 and 156.
26
What is the highest common factor of 10220 and 447160?
140
Calculate the greatest common factor of 4752 and 256644.
36
Calculate the highest common divisor of 8226 and 94858576.
914
What is the greatest common divisor of 128 and 4878928?
16
What is the highest common factor of 208488696 and 156?
156
Calculate the greatest common factor of 1318427 and 107213.
29
Calculate the highest common divisor of 8304675 and 525.
75
What is the greatest common factor of 1720 and 3501480?
40
What is the highest common divisor of 603 and 3239651?
67
Calculate the greatest common factor of 5748605 and 6707.
353
What is the greatest common factor of 171970 and 61190?
290
What is the highest common factor of 100 and 12961300?
100
What is the highest common divisor of 171752094 and 522?
522
Calculate the greatest common divisor of 356147 and 28237.
11
Calculate the greatest common factor of 700 and 1950662.
14
What is the greatest common factor of 392 and 23992213?
49
What is the highe